 1077.
1075
Calculate the remainder when 11776739 is divided by 10.
9
What is the remainder when 65296186 is divided by 87?
76
What is the remainder when 461738 is divided by 222?
200
What is the remainder when 1000349 is divided by 1092?
77
What is the remainder when 224797 is divided by 92?
41
Calculate the remainder when 14818104 is divided by 4939362.
18
Calculate the remainder when 170645663 is divided by 13841.
13815
Calculate the remainder when 64874387 is divided by 117.
110
Calculate the remainder when 310910 is divided by 12469.
11654
What is the remainder when 137706905 is divided by 34069?
7
Calculate the remainder when 513987407 is divided by 393.
392
Calculate the remainder when 34857 is divided by 1704.
777
Calculate the remainder when 8355150 is divided by 394.
380
What is the remainder when 3470622 is divided by 1016?
982
Calculate the remainder when 8015 is divided by 2337.
1004
Calculate the remainder when 2146170 is divided by 536475.
270
What is the remainder when 3726158 is divided by 1563?
1529
What is the remainder when 17172695 is divided by 29?
26
What is the remainder when 28731 is divided by 9272?
915
Calculate the remainder when 1076393 is divided by 5912.
409
Calculate the remainder when 806627 is divided by 5204.
7
What is the remainder when 3453192 is divided by 575531?
6
What is the remainder when 14032769 is divided by 427?
268
What is the remainder when 302635 is divided by 1560?
1555
What is the remainder when 5071259 is divided by 5071251?
8
What is the remainder when 42935631 is divided by 8?
7
What is the remainder when 3922525 is divided by 98061?
85
What is the remainder when 10823805 is divided by 499?
495
Calculate the remainder when 18077008 is divided by 659.
638
What is the remainder when 172329 is divided by 1611?
1563
Calculate the remainder when 2764247 is divided by 2006.
1985
Calculate the remainder when 114233786 is divided by 206.
194
What is the remainder when 1159443 is divided by 385638?
2529
Calculate the remainder when 32866777 is divided by 2377.
2375
Calculate the remainder when 439330 is divided by 38937.
11023
What is the remainder when 10325843 is divided by 3029?
3011
Calculate the remainder when 160729 is divided by 53571.
16
Calculate the remainder when 844932 is divided by 2150.
2132
Calculate the remainder when 397162 is divided by 117.
64
What is the remainder when 42514 is divided by 8498?
24
What is the remainder when 1711633 is divided by 2704?
1
Calculate the remainder when 49613251 is divided by 18.
13
Calculate the remainder when 118225 is divided by 787.
175
Calculate the remainder when 6116711 is divided by 2038901.
8
Calculate the remainder when 339812638 is divided by 96.
94
What is the remainder when 1365114 is divided by 62042?
190
What is the remainder when 2536036 is divided by 7?
6
Calculate the remainder when 386679 is divided by 4249.
20
Calculate the remainder when 20546028 is divided by 2282891.
9
Calculate the remainder when 24606 is divided by 915.
816
What is the remainder when 399533 is divided by 4439?
23
What is the remainder when 62047 is divided by 61826?
221
What is the remainder when 9960837 is divided by 9?
6
What is the remainder when 1186347 is divided by 122?
19
What is the remainder when 1502251796 is divided by 392?
388
Calculate the remainder when 205515 is divided by 2127.
1323
What is the remainder when 6716882 is divided by 839610?
2
What is the remainder when 46684019 is divided by 11?
8
Calculate the remainder when 2141742 is divided by 2902.
66
Calculate the remainder when 589949 is divided by 1676.
1673
What is the remainder when 55920771 is divided by 897?
894
What is the remainder when 10721589 is divided by 24992?
21
Calculate the remainder when 237661 is divided by 1020.
1
What is the remainder when 437181 is divided by 344?
301
Calculate the remainder when 2946040 is divided by 612.
484
Calculate the remainder when 9694515 is divided by 1525.
90
Calculate the remainder when 10918757 is divided by 30.
17
Calculate the remainder when 206319 is divided by 12891.
63
What is the remainder when 871554 is divided by 11620?
54
Calculate the remainder when 215808996 is divided by 2163.
2160
What is the remainder when 141988 is divided by 495?
418
Calculate the remainder when 4321583 is divided by 2821.
2632
What is the remainder when 1223571 is divided by 407833?
72
Calculate the remainder when 102889 is divided by 20508.
349
What is the remainder when 3145369 is divided by 18?
13
What is the remainder when 1523895 is divided by 507920?
135
Calculate the remainder when 5025197 is divided by 1700.
1697
What is the remainder when 5582562 is divided by 1660?
1642
Calculate the remainder when 533480646 is divided by 2627.
2621
What is the remainder when 292222 is divided by 4987?
2976
What is the remainder when 3053500 is divided by 308?
296
What is the remainder when 386271 is divided by 193023?
225
What is the remainder when 3312711 is divided by 414087?
15
Calculate the remainder when 162115 is divided by 7337.
701
Calculate the remainder when 40072 is divided by 13302.
166
What is the remainder when 42798974 is divided by 25?
24
What is the remainder when 203432037 is divided by 126?
123
Calculate the remainder when 11481744 is divided by 260948.
32
Calculate the remainder when 3541 is divided by 659.
246
What is the remainder when 20535307 is divided by 216161?
12
What is the remainder when 59640 is divided by 5549?
4150
Calculate the remainder when 2446907 is divided by 1324.
155
What is the remainder when 61865 is divided by 118?
33
Calculate the remainder when 7515412 is divided by 39.
34
What is the remainder when 78349 is divided by 74059?
4290
Calculate the remainder when 1859061 is divided by 132786.
57
Calculate the remainder when 243538 is divided by 497.
8
Calculate the remainder when 1138234 is divided by 4361.
13
What is the remainder when 3007197 is divided by 6354?
1755
Calculate the remainder when 80815 is divided by 156.
7
What is the remainder when 727663 is divided by 306?
301
What is the remainder when 19315993 is divided by 1452?
37
Calculate the remainder when 1683253 is divided by 10653.
79
What is the remainder when 10912797 is divided by 216?
45
What is the remainder when 106520808 is divided by 34?
32
What is the remainder when 807401 is divided by 53820?
101
What is the remainder when 81522 is divided by 458?
456
Calculate the remainder when 13135021 is divided by 1910.
1861
What is the remainder when 2607114 is divided by 651777?
6
Calculate the remainder when 683370 is divided by 1409.
5
What is the remainder when 259431 is divided by 114?
81
Calculate the remainder when 14377488 is divided by 7188737.
14
Calculate the remainder when 6366254 is divided by 6139.
111
What is the remainder when 1052831 is divided by 6590?
5021
What is the remainder when 13859 is divided by 3841?
2336
Calculate the remainder when 7378209 is divided by 1357.
200
Calculate the remainder when 2455530 is divided by 9603.
6765
Calculate the remainder when 39830736 is divided by 933.
33
What is the remainder when 17520271 is divided by 951?
949
What is the remainder when 152911 is divided by 50924?
139
What is the remainder when 5341248 is divided by 763034?
10
Calculate the remainder when 157562 is divided by 1309.
482
What is the remainder when 1480132 is divided by 164436?
208
What is the remainder when 270813 is divided by 45133?
15
Calculate the remainder when 59105 is divided by 3494.
3201
Calculate the remainder when 5306399 is divided by 78.
59
What is the remainder when 8189571 is divided by 327578?
121
What is the remainder when 616207 is divided by 417?
298
Calculate the remainder when 86886951 is divided by 902.
899
Calculate the remainder when 73410 is divided by 24468.
6
What is the remainder when 47392924 is divided by 129?
1
Calculate the remainder when 1744387 is divided by 124540.
827
What is the remainder when 910232 is divided by 2646?
8
What is the remainder when 1650880 is divided by 2?
0
What is the remainder when 3983831 is divided by 995951?
27
Calculate the remainder when 38746 is divided by 5340.
1366
What is the remainder when 653130 is divided by 6466?
64
Calculate the remainder when 2860337 is divided